 Calculate y(-18).
60
Let u(p) = -5*p - 1 + 3*p + 4*p. Suppose 4*t + 40 = 16. Let w(k) = -4*k - 16. Let v be w(t). Determine u(v).
15
Let n(c) be the third derivative of 1/24*c**4 + 1/2*c**3 + 0*c + 0 + 93*c**2. Calculate n(-3).
0
Let h be -5 + 63 + (-12 - -9). Let m = -64 + h. Let v(f) = f**3 + 9*f**2 - 8. Determine v(m).
-8
Let a(h) = -h**3 - 8*h**2 - 11*h - 18. Let r(p) = p**3 + 24*p**2 - 146*p - 2. Let t be r(5). Calculate a(t).
10
Let k be 20/3750*15 - -223*(-3)/(-75). Let i(s) = -s**3 + 9*s**2 - 2*s + 32. What is i(k)?
14
Let r(h) be the second derivative of h**5/20 + h**4/3 - h**3/6 + 7*h**2/2 + 25*h. Let s be ((-12)/(-10) - 38/(-10))*-1. What is r(s)?
-13
Suppose -16*h = -6*h - 2670. Suppose 0*j = -j + 2*y + 52, 3*y = 5*j - h. Let m(o) = 53*o - 109*o + j*o - 1. Give m(-1).
1
Let b(n) be the first derivative of n**4/4 + 5*n**3/3 - 25*n**2/2 - 15*n + 6638. What is b(-8)?
-7
Let g(a) = 82*a - 84*a - 971 + 961. Determine g(6).
-22
Let a(j) = -j**3 - j**2 + 3*j + 2. Let f = 122 + -100. Suppose -5*m - 2*u + f = -5*u, 0 = 4*m + 2*u. Give a(m).
-4
Let r(y) = 7*y**2 - 26*y**3 + 10*y**3 + 15*y**3 + 2 - 1. Suppose 17 = -5*d + 52. Determine r(d).
1
Let p(z) = 4*z**2 - z - 1. Let s(n) = -n - 1. Let x(o) = p(o) - 2*s(o). Suppose -6*g + 173 = -19. Let a(m) = -m**3 + 32*m**2 - m + 31. Let h be a(g). Give x(h).
4
Let x(u) = u**3 - 12*u**2 - 13*u + 8. Let r = -1901 - -1914. Give x(r).
8
Let n = 2 - 0. Let h(x) = -5 - x + 8*x**2 - x**2 + 5*x**n + x**3 - 8. Determine h(-12).
-1
Let f(c) = -4*c**2. Let d = -158 - -162. Suppose -3*p - j + d*j = -12, 5*j = -5*p - 30. What is f(p)?
-4
Let a(k) = -2*k**2 - 11. Let s(q) = -4*q**2 + 21*q + 26. Let f(g) = 3*a(g) - s(g). What is f(-6)?
-5
Let t(n) = n + 2. Let y be t(-5). Let r(p) = 13*p - 41*p - p**2 + 1 + 0 + 24*p + p**3. Give r(y).
-23
Let u be -3 + 264 + -3 - (-15)/3. Let x = u - 269. Let s(i) = i**3 + 5*i**2 - 6*i - 4. Give s(x).
-4
Let z(b) = -78*b + 156. Let j be z(2). Let o(h) = 14*h - 13. Let k(u) = -5*u + 5. Let p(t) = 11*k(t) + 4*o(t). Determine p(j).
3
Let g(q) = 4*q**2 - 2*q + 25. Let y(m) = -m**2 + m - 3. Let a(p) = -g(p) - 5*y(p). Calculate a(-3).
8
Let a(r) = 2*r**2 - 268*r - r**2 + 527*r - 267*r + 1. Give a(9).
10
Suppose -29 = -5*m - 4*i, -44 = -5*m - 2*i - 7. Let u(y) = -y**3 + 8*y**2 + 23*y - 121. Give u(m).
5
Let f be ((-2)/2)/(2/(-6)). Suppose q - 2*u = -u, 3*u = -4*q. Let m(n) = n**2 + 16 - 19 - n + q*n**2 + 0. Determine m(f).
3
Suppose 173*k - 3316 = -5219. Let c(d) = d**3 + 10*d**2 - 2*d + 15. What is c(k)?
-84
Let q(h) = 18*h - 9. Let w(x) = -37*x + 22. Let d(s) = -11*q(s) - 5*w(s). Calculate d(-5).
54
Let g(h) = -h**2 - 22*h + 3. Suppose -5*t - 60 = 50. Let c be g(t). Let w(u) = -c + 43*u**2 + 3 - 1 - 41*u**2 - 4*u**3. Give w(1).
-3
Let q be 1/(0 - 1/(-5)). Suppose -4*a - 33 = -q*c - 3, 0 = -3*a - 15. Let v be ((-27)/c)/(-3) + 1/2. Let f(o) = 2*o - 2. Calculate f(v).
8
Suppose 0 = 3*b - 53 + 23. Suppose -4*j = -8*j, 2*o = -4*j + b. Suppose -8 = -m + o*m. Let n(g) = -2*g**3 - 2*g**2 - 2*g + 2. What is n(m)?
14
Let p(b) be the second derivative of -b**4/12 - 7*b**3/2 - 12*b**2 - 3*b + 7. Determine p(-20).
-4
Let a = 5 - 8. Let w(s) = -s**2 - 2*s - 6. Let v(y) = -1. Suppose -10*r - 18 + 68 = 0. Let z(d) = r*v(d) - w(d). What is z(a)?
4
Let y(z) be the third derivative of -5*z**4/4 + 443*z**3/6 + 82*z**2 - 30*z. Give y(15).
-7
Let p(l) be the third derivative of -l**4/24 - 7*l**3/6 - 839*l**2. Determine p(-15).
8
Suppose 23*s + 25 = 26*s - 5*c, -3*s = 5*c + 55. Let x(p) = -p**3 - 6*p**2 + 3*p + 13. Give x(s).
-27
Let p(q) be the second derivative of -q**3/6 + 4*q**2 - 501*q. What is p(10)?
-2
Let f(y) = 897*y + 13 - y**2 - 886*y + 24 - 2. Determine f(11).
35
Let h = 18990 + -19003. Let q(g) = -34*g - 437. Calculate q(h).
5
Suppose -174*w + 1521 - 477 = -58*w. Let c(g) = -g**2 + 35*g - 256. Give c(w).
-22
Suppose 13 = -15*a + 28*a. Let c(i) = i - 5. Let r be c(5). Let k(p) = r*p**3 + p**3 + 4*p**3 - 3*p**3. Calculate k(a).
2
Let s(t) = 80*t - 230. Let w(c) = 7*c**2 - 291*c - 427. Let r be w(43). Give s(r).
10
Let y(f) = -f**3 + 17*f**2 + 17*f + 18. Let h(x) = -x**3 + 13*x**2 + 70*x + 26. Let s be h(-4). Determine y(s).
0
Let g(c) = 3*c**3 + 9*c**2 - c + 6. Let q(h) = h**3 + 5*h**2 - h + 3. Let o be 1 + -5 - (-144)/24. Let a(k) = o*g(k) - 5*q(k). Calculate a(6).
-21
Let j(t) be the second derivative of t**5/10 - 5*t**4/12 + 3*t**2/2 - 164*t + 2. Determine j(5).
128
Let i(d) be the first derivative of -d**4/2 + 23*d**3/3 + 11*d**2/2 + 19*d + 2171. Determine i(12).
7
Suppose 5*x + 53*l = 48*l + 20, 3*l = 3*x + 12. Let v(d) = d**2 - 20*d + 3. Give v(x).
3
Let x(k) be the second derivative of k**3/6 + 4*k**2 - 175*k. Let q = 10 - 4. Suppose q = d + 11. Give x(d).
3
Let c(f) = -7*f**2 + f + 93. Let x(w) = 10*w**2 - w - 146. Let p(z) = 7*c(z) + 5*x(z). Give p(-10).
1
Suppose 3*x + 8*v - 12*v = 6, 0 = -3*x - 4*v + 30. Suppose x*r + 71 - 53 = 0. Let i(g) = 3*g + 2 + 0*g - 1. Calculate i(r).
-8
Let v(m) = -21*m**2 - 3*m + 2. Let j = 438 + -437. Calculate v(j).
-22
Suppose -5*g + 31 = 6. Suppose -5*c = 5*q - 80, 2*q - g*c = -3*q + 50. Suppose -q*u = -48 - 30. Let m(a) = -a**2 + 6*a. Calculate m(u).
0
Let r(f) = -2*f**2 - 6*f - 6. Suppose 3*z - 49 = -4*b, 9*b + 5*z = 4*b + 65. Suppose -2*c + 6 = -4*p, -b = 3*c - c. Calculate r(p).
-14
Let k(x) = 3*x**2 + 1. Let i be k(-1). Suppose 5*m + 13 = 2*d - 14, -d + 21 = -i*m. Let s(o) = -o + 132 + 128 + 135 - 538 + 142. What is s(m)?
4
Let p(u) = -8*u**2 + u + 38. Let y(j) = -7*j**2 + j + 33. Let r(q) = 6*p(q) - 7*y(q). Calculate r(-9).
87
Let y(n) be the third derivative of -n**6/120 + n**5/12 + 5*n**4/12 - 17*n**3/6 + 2930*n**2. Calculate y(6).
7
Suppose 2*z - 4*z + 2*r = 10, 0 = 5*z - 4*r + 20. Let m(v) = -v**3 + v**2 - 2*v + 9. What is m(z)?
9
Suppose -20671 = 42*i - 7777. Let d = i + 304. Let h(z) = -z + 0*z**3 - z + 2*z**2 + z**3. Calculate h(d).
-3
Let z(m) = -8*m**2 - 94*m - 40. Let y(n) = -n**2 - n - 9. Let h(l) = 3*y(l) - z(l). What is h(-18)?
-5
Let j(r) = -2*r + 2. Let p(b) = b**2 + 2*b - 11. Let w(q) = j(q) - p(q). What is w(0)?
13
Let n(p) = 18*p**2 + 13*p + 15. Let x be n(-1). Let s(f) = -20*f + 397. What is s(x)?
-3
Let g(u) = u + 9. Suppose -3*c - 10*h = -14*h - 1, 2*h = -5*c - 33. Let o be (c/(-2))/((-16)/32). Determine g(o).
4
Suppose 3*f + 4*u - 64 = 0, 89*f + 3*u - 18 = 88*f. Let c(x) = 5*x - 120. Determine c(f).
0
Let m(d) = -4*d**2 + 67*d + 13. Suppose -468*f - 125 + 584 = -441*f. Determine m(f).
-4
Let y(q) = 9*q - 1. Let g(x) = 4*x. Let f(b) = -7*g(b) + 3*y(b). Let j be ((-8)/(-6))/(20/30). Suppose 0 = 19*m + j*m + 147. Determine f(m).
4
Suppose 2*b + 2*u + 18 = 0, -11*b + 4*u - 117 - 42 = 0. Let g(t) = t**3 + 10*t**2 - 38*t + 16. Give g(b).
3
Let a(x) = 102 - 115 + 897*x - 907*x. Calculate a(-2).
7
Let o(h) = -h**3 + 13*h**2 + 12*h - 4. Suppose -114 = -19*i + 152. Give o(i).
-32
Let d(i) = -4*i**2 + 2*i + 5*i**2 + 74 + 3*i**2 - 3*i**2 - 30. Determine d(0).
44
Let n be (-37)/(-6) - 7/42. Let f(i) = 4*i + 2. Let m be f(n). Let d = -23 + m. Let b(j) = -j**2 + 6*j. Determine b(d).
9
Let u(r) = -2*r**3 + 2*r + 1. Let c(o) = -3*o**3 - 5*o**2 - o + 1. Let s be (6 - 7) + -8 + 8. Let g(z) = s*c(z) + u(z). Determine g(-2).
6
Let b(y) = 6*y**2 - 9*y + 57*y**3 + 2 - 117*y**3 + 61*y**3. Let k be (8 + -4 + 3)*(7 - 8). Determine b(k).
16
Let s(r) be the third derivative of 0 - 1/12*r**4 - r**3 + r**2 + 13*r. What is s(-5)?
4
Let t(u) = -47*u - 9. Let o(n) = 70*n + 9. Let m(l) = -2*o(l) - 3*t(l). What is m(12)?
21
Suppose 0 = 1187*o - 1227*o + 160. Let a(i) = 7*i**2 + 6*i - 14. What is a(o)?
122
Let t be 2/3 - (-46)/(-6). Suppose -2*y = -46 + 34. Let i(z) = y*z - z**2 + 4*z - 2 - 17*z - 1. What is i(t)?
-3
Let l(k) = 6*k**3 - k**2 + k. Let u be l(1). Let a(w) = 1 - u*w - 2*w + 2*w. Let z be 30 - 9/108*348. Give a(z).
-5
Let f(i) = -24*i**2 - 17*i + 16. Let u(z) = -50*z**2 - 30*z + 31. Let d(o) = -11*f(o) + 6*u(o). What is d(-2)?
-148
Let u(b) = -14*b**2 - 22*b - 3. Let h = 5 - 5. Let s(z) = -1 + 0 + z - 5*z**2 - 8*z + h*z. Let n(q) = 11*s(q) - 4*u(q). Give n(-11).
1
Let b(s) be the third derivative of s**4/12 + s**3/6 - 2*s**2 - 3680*s. Let m = 2 - 3. What is b(m)?
-1
Suppose -2*o - r + 10 - 8 = 0, 5*r - 20 = 0. Let k(p) be the first derivative of 